t is -10111011101110111111 + -1000?
-10111011101111000111
In base 5, what is -21020101 - -120?
-21014431
In base 13, what is 3 + 199c5c?
199c62
In base 10, what is -45654893 + -10?
-45654903
In base 4, what is 222000122013 - 3?
222000122010
In base 7, what is 656365 - -312?
660010
In base 3, what is -120002022101221000 + -10?
-120002022101221010
In base 13, what is -3136b218 + 2?
-3136b216
In base 12, what is -45230a - -35?
-452295
In base 14, what is -361a + -2490?
-5aaa
In base 13, what is -409 + 56850?
56444
In base 8, what is 4210661 + 0?
4210661
In base 6, what is 1 - -4542320352?
4542320353
In base 15, what is -eb - -49eec?
49e01
In base 8, what is 20345 - 617?
17526
In base 7, what is 2200 - -53165?
55365
In base 8, what is 36166323 - -1?
36166324
In base 13, what is -6 + -1ca25?
-1ca2b
In base 9, what is 5774 + 16234?
23118
In base 5, what is 1402422241 - 304?
1402421432
In base 2, what is -1000011000000011001010 - 1?
-1000011000000011001011
In base 2, what is 1010011011111110001010110 + -1?
1010011011111110001010101
In base 11, what is 327605 + 17?
327621
In base 10, what is 543738 + 166?
543904
In base 2, what is -11001 - 1011111001011111000?
-1011111001100010001
In base 15, what is 3 - 1a7185?
-1a7182
In base 5, what is 0 - 112211101242?
-112211101242
In base 14, what is -40 - 38c32?
-38c72
In base 8, what is -14 + -332225630?
-332225644
In base 12, what is -10184bb8 - 3?
-10184bbb
In base 9, what is 28147281 + -7?
28147273
In base 2, what is -1000011100100100111100001110 + -100?
-1000011100100100111100010010
In base 13, what is 0 - -9b0364?
9b0364
In base 5, what is 11123224 - -230?
11124004
In base 4, what is -3303301211 + 1322?
-3303233223
In base 9, what is 6020810 + -33?
6020766
In base 7, what is 642 + 420036?
421011
In base 14, what is -3 - 28c41bc0?
-28c41bc3
In base 4, what is 11101123310 + 30?
11101130000
In base 5, what is -40433 + 30441043?
30400110
In base 10, what is -60417 - 13781?
-74198
In base 3, what is 101122110 + -2022201?
22022202
In base 4, what is -231 - 313002203?
-313003100
In base 9, what is -16 + 12720?
12703
In base 12, what is -460 - -6b394?
6ab34
In base 3, what is -20002012211000 - -12110?
-20002012121120
In base 10, what is 2 - 12190274?
-12190272
In base 9, what is -5 + 47465460?
47465454
In base 15, what is 30aa + 7e4?
389e
In base 15, what is 91 + 784c?
78dd
In base 10, what is 0 + -3344772?
-3344772
In base 2, what is 100101011111110011011 + 10?
100101011111110011101
In base 6, what is 50145414 + -200?
50145214
In base 8, what is -4 - -3235063?
3235057
In base 14, what is 91a - 107aa?
-dc90
In base 3, what is -21201 - -100010000221?
100002202020
In base 5, what is -221 + -12434242?
-12440013
In base 9, what is 5170638 + 8?
5170647
In base 5, what is 41424 + 423334?
1020313
In base 14, what is -35679b + 3c?
-35675d
In base 5, what is 12400303403 + -10?
12400303343
In base 9, what is -42403152 - 1?
-42403153
In base 13, what is -7acc7a0 + 2?
-7acc79b
In base 2, what is -101 - 1110111110111011111110?
-1110111110111100000011
In base 9, what is 406 + 242465?
242872
In base 3, what is -212112 + 21002102221?
21001120102
In base 7, what is 41342 - -163044?
234416
In base 10, what is 591 - 441047?
-440456
In base 13, what is -3b - 21834bc?
-218352a
In base 15, what is 16083 + -80?
16003
In base 13, what is 1556941 - -17?
1556958
In base 8, what is -5 - 731705432?
-731705437
In base 15, what is 1383a17c + 0?
1383a17c
In base 2, what is 1111101110000011110110011 - -10100?
1111101110000011111000111
In base 3, what is -100210212 - 1112002202?
-1212220121
In base 10, what is 417 - 20137?
-19720
In base 3, what is -2101210201 - -1102?
-2101202022
In base 11, what is -208a216 - 4?
-208a21a
In base 10, what is -4196168 - -71?
-4196097
In base 2, what is 10010 - 1010110010111110001?
-1010110010111011111
In base 3, what is -2110110 + 21220001?
12102121
In base 6, what is 1442153 + 233?
1442430
In base 16, what is 45ae + 603?
4bb1
In base 2, what is -110101001110000010100110000 - -1?
-110101001110000010100101111
In base 3, what is -2200121 - 1122211?
-11100102
In base 2, what is -11 - 101101110011110101110000?
-101101110011110101110011
In base 4, what is 2200311 - -210?
2201121
In base 6, what is 133 + -241344012?
-241343435
In base 11, what is a7732a - 1?
a77329
In base 16, what is -11a9f + -be?
-11b5d
In base 5, what is 314211021 - 402?
314210114
In base 12, what is 1 + 9b5127?
9b5128
In base 2, what is 1000110011010001101 + 100110?
1000110011010110011
In base 5, what is 14342432243 + -10?
14342432233
In base 14, what is 1688 - 5b13?
-4469
In base 2, what is -1111110 - 10100111000001111001?
-10100111000011110111
In base 7, what is -12221415 + 2353?
-12216032
In base 12, what is a - -4288270?
428827a
In base 4, what is -303 - -220331233003?
220331232100
In base 13, what is 4b0c37a + -3?
4b0c377
In base 8, what is -151254304 + 2?
-151254302
In base 2, what is 1001100101100100100 - 100110110?
1001100100111101110
In base 7, what is 153566 - 143?
153423
In base 16, what is -5bb9bf - -2?
-5bb9bd
In base 9, what is 121645665 - -4?
121645670
In base 9, what is -3 + -7715027?
-7715031
In base 5, what is 12420104120 + 3?
12420104123
In base 14, what is 1d07a + -3b?
1d03d
In base 15, what is b839c - -5?
b83a2
In base 9, what is 1111777 - 60?
1111717
In base 11, what is -85 + -a63?
-1038
In base 16, what is 275d7c - -de?
275e5a
In base 2, what is -111010 + -10010000101101110001?
-10010000101110101011
In base 5, what is -32 + 130420?
130333
In base 5, what is -11 - 32441031443?
-32441032004
In base 6, what is -24331 - -1302544?
1234213
In base 13, what is 5 - 42261?
-42259
In base 13, what is -265 - 632b?
-6593
In base 10, what is -375 + 1914788?
1914413
In base 15, what is 66690 + -528?
66167
In base 7, what is -4 + 16253035?
16253031
In base 5, what is -1 - 14144411334?
-14144411340
In base 5, what is 11321121 + -3042?
11313024
In base 4, what is 220 + 23012131100?
23012131320
In base 3, what is -12 - 220000222220022?
-220000222220111
In base 11, what is 32266 + 596?
32851
In base 8, what is -543421 - 1625?
-545246
In base 4, what is 313 + 110023320231?
110023321210
In base 3, what is -120 + 21021212100110220?
21021212100110100
In base 10, what is -1 + 196640983?
196640982
In base 15, what is 495de - -1?
495e0
In base 2, what is -10001010011101011000110000 - -1?
-10001010011101011000101111
In base 7, what is -134601 + 224?
-134344
In base 10, what is 40 + -601423?
-601383
In base 9, what is 76184618 - -2?
76184621
In base 7, what is -55021 + 64622?
6601
In base 10, what is -8 - 97287?
-97295
In base 5, what is -30414010402 - 2?
-30414010404
In base 10, what is 0 + -2837591?
-2837591
In base 16, what is -e821e36 - 2?
-e821e38
In base 10, what is -4451 - 32431?
-36882
In base 6, what is -3 + -3000043424?
-3000043431
In base 4, what is -222103232 - -112?
-222103120
In base 13, what is -2241322 - 46?
-2241368
In base 13, what is -28a7 + -35?
-290c
In base 8, what is 7562264 + 13?
7562277
In base 5, what is 240244 - -134332?
430131
In base 12, what is 61351733 + -5?
6135172a
In base 16, what is c - -161d08?
161d14
In base 7, what is 433 + 13160465?
13161231
In base 5, what is 24030 + 222201?
301231
In base 8, what is 7 + -2526604?
-2526575
In base 15, what is 6c33015 + -8?
6c3300c
In base 14, what is 1b - -84d5d?
84d7a
In base 7, what is 365662400 - 4?
365662363
In base 15, what is -3 + 13d60d?
13d60a
In base 11, what is -197 + -60807?
-609a3
In base 12, what is -1763 + -2b61?
-4704
In base 10, what is 8126535 - 3?
8126532
In base 2, what is 0 + -101101100010010110110100?
-101101100010010110110100
In base 6, what is -41100450 - -2?
-41100444
In base 10, what is -58936 + 2173?
-56763
In base 10, what is 149 - -975573?
975722
In base 13, what is -546 + b4c81?
b4738
In base 14, what is -5cc5 - -4145?
-1b80
In base 16, what is -13a - -1de0?
1ca6
In base 5, what is 310332242400 - -10?
310332242410
In base 16, what is 5f9e + 18a9?
7847
In base 7, what is 20020052 + -6?
20020043
In base 16, what is -1 - c22b58?
-c22b59
In base 14, what is 134ba - -206?
136c2
In base 4, what is -113212321 + -11?
-113212332
In base 15, what is -1758e8d + 4?
-1758e89
In base 12, what is 2 - -846363?
846365
In base 6, what is -3 - -32133453?
32133450
I